is 1 - 781771?
-781770
In base 10, what is 26 - 10453?
-10427
In base 13, what is 33 + -117b2?
-1177c
In base 3, what is -112201 + 2001101?
1111200
In base 8, what is -4 + 31327?
31323
In base 12, what is 4841 - -99?
491a
In base 10, what is 53 + 280?
333
In base 7, what is 35 - -65?
133
In base 8, what is 4423617 - -4?
4423623
In base 16, what is -27d + 30?
-24d
In base 12, what is b507a + 3?
b5081
In base 4, what is 2030 + 11121323?
11130013
In base 2, what is -1 - 10110010000101101?
-10110010000101110
In base 15, what is -ea62 - 5?
-ea67
In base 9, what is -655 - 146?
-812
In base 13, what is -659 + 209?
-450
In base 12, what is 0 - -490768?
490768
In base 3, what is 1210021011 + -1?
1210021010
In base 5, what is -2 + -413?
-420
In base 9, what is 461761 - -1?
461762
In base 9, what is -1131 + 207?
-823
In base 11, what is -587 + -5?
-591
In base 10, what is -148 + -149?
-297
In base 10, what is -93347 - -4?
-93343
In base 12, what is 1 + -3b79?
-3b78
In base 9, what is -26446 + 17?
-26428
In base 10, what is -363 - 2834?
-3197
In base 9, what is -3 - 468162?
-468165
In base 4, what is -201 + 1111?
310
In base 7, what is -213532 - -4?
-213525
In base 2, what is 11101110 - -11000001101?
11011111011
In base 4, what is -10020 + -1031021?
-1101101
In base 15, what is 49 + -3ec?
-3a3
In base 3, what is 12021002021 + -20?
12021002001
In base 9, what is -1772 - 2?
-1774
In base 13, what is 15 - 3649c?
-36487
In base 3, what is -102110 + -2221?
-112101
In base 16, what is -3 - 1bc9?
-1bcc
In base 9, what is 13337 + -23?
13314
In base 16, what is -2 - 143?
-145
In base 13, what is -69a - 253?
-920
In base 7, what is 516061 - 6?
516052
In base 15, what is 1c - 164?
-147
In base 2, what is -100100001000110 - -101?
-100100001000001
In base 15, what is 2 - -4d5b?
4d5d
In base 14, what is -5 - -1661?
165a
In base 3, what is 1 + -210221022?
-210221021
In base 3, what is 12 + -10221102?
-10221020
In base 2, what is -101 + 10110000101100001?
10110000101011100
In base 16, what is 8d3a4 - 2?
8d3a2
In base 6, what is -35 - -251333?
251254
In base 6, what is 53 - -35011?
35104
In base 14, what is 343 + -227?
11a
In base 14, what is -6dc2 + 15?
-6dab
In base 9, what is -65174 - -4?
-65170
In base 15, what is ed93c - -1?
ed93d
In base 2, what is -1000001001010001011 + -100?
-1000001001010001111
In base 15, what is 1e + b6?
d5
In base 14, what is 649ca0 - -5?
649ca5
In base 12, what is -12428b3 + 5?
-12428aa
In base 6, what is -205 - -5425?
5220
In base 6, what is -434 + 4?
-430
In base 3, what is 1202221 + -202221?
1000000
In base 10, what is -201 - 1158?
-1359
In base 15, what is 49a - -b9?
564
In base 5, what is 434134 + -10?
434124
In base 9, what is 2063114 - -2?
2063116
In base 11, what is 8610 - -5?
8615
In base 10, what is 39 - -4558?
4597
In base 15, what is -6 + -31c6?
-31cc
In base 13, what is -11c61 + 24?
-11c3a
In base 5, what is -10230 - -3213?
-2012
In base 4, what is 311133210 - -23?
311133233
In base 7, what is -3 + 34612?
34606
In base 5, what is 10 - 4133021?
-4133011
In base 12, what is 86ab + 24?
8713
In base 3, what is 111 - -2221002112?
2221010000
In base 7, what is -20 - 3121?
-3141
In base 4, what is 23 + 221020031?
221020120
In base 5, what is -3 - 2101243?
-2101301
In base 8, what is 110 + 23132?
23242
In base 4, what is 13 + -322332?
-322313
In base 10, what is 16 + -875?
-859
In base 14, what is 134c - 6?
1346
In base 9, what is 1 - 6010?
-6008
In base 3, what is 201021120021 - 11?
201021120010
In base 10, what is 210 + 6668?
6878
In base 5, what is 214 + -23303?
-23034
In base 10, what is -3 - 415445?
-415448
In base 8, what is 1146 + 46?
1214
In base 7, what is -160 - -1151?
661
In base 16, what is 101cc - 1?
101cb
In base 5, what is -133 - 1403?
-2041
In base 14, what is 11 - -1bbc?
1bcd
In base 7, what is 1 + -335222?
-335221
In base 12, what is -4054a6 - 5?
-4054ab
In base 4, what is 312203103 - 11?
312203032
In base 8, what is -506 - 305?
-1013
In base 12, what is -63 + 126a2?
1263b
In base 2, what is -1010111110101000 + -10?
-1010111110101010
In base 10, what is -307 - 12?
-319
In base 6, what is 3024 - -12134?
15202
In base 2, what is -111111101010100 + 100?
-111111101010000
In base 14, what is 9 - -7bd36?
7bd41
In base 7, what is -5205120 - -5?
-5205112
In base 7, what is 2 - 1615220?
-1615215
In base 9, what is 10 + -352660?
-352650
In base 11, what is 339679 - -1?
33967a
In base 16, what is 13ff48 - -4?
13ff4c
In base 11, what is -16a8 + 79?
-162a
In base 12, what is 39 - -24aa?
2527
In base 2, what is 111111 - -11010101011?
11011101010
In base 10, what is 81118 - 4?
81114
In base 9, what is 1023 + 1806?
2830
In base 12, what is 5 + -b198?
-b193
In base 8, what is -623 + 722?
77
In base 14, what is 684 + 33?
6b7
In base 8, what is -2003 - 61?
-2064
In base 10, what is 16 - 128047?
-128031
In base 13, what is 5890 + -2?
588b
In base 3, what is 11220100 + -1201?
11211122
In base 6, what is -2041 + 211?
-1430
In base 16, what is d69 + e?
d77
In base 13, what is -34c + -c4?
-443
In base 2, what is 101101000 + -100?
101100100
In base 10, what is -229 + -45964?
-46193
In base 6, what is -2444310 + -21?
-2444331
In base 14, what is -1c4 - 92?
-276
In base 8, what is -4 - 113514?
-113520
In base 10, what is -1275 + -39?
-1314
In base 13, what is 11836 - -11?
11847
In base 9, what is -6705 - -604?
-6101
In base 11, what is 3422 - -2?
3424
In base 16, what is -3f3 - -17?
-3dc
In base 16, what is -20 - -b19?
af9
In base 10, what is -650877 - -5?
-650872
In base 6, what is -224 + -5035?
-5303
In base 5, what is 4332 - -240?
10122
In base 14, what is -5 + -35375?
-3537a
In base 11, what is -27318 - 0?
-27318
In base 9, what is 242656 - 2?
242654
In base 12, what is 5a - -26?
84
In base 12, what is -1134 - b?
-1143
In base 15, what is 39 + 8a?
c4
In base 16, what is -7d5 - 19?
-7ee
In base 5, what is 0 - 341242?
-341242
In base 11, what is -1004115 - 3?
-1004118
In base 4, what is -132133123 + 10?
-132133113
In base 4, what is 100112 - -101121?
201233
In base 10, what is -640 - 1?
-641
In base 11, what is -29a4a3 + -2?
-29a4a5
In base 13, what is 8c7 - 40a?
4ba
In base 3, what is -1120010201110 - 2?
-1120010201112
In base 16, what is 1 - -60fe?
60ff
In base 12, what is -3 + 59a08?
59a05
In base 4, what is -120120213 - 1?
-120120220
In base 2, what is -10000010011001010 + -1?
-10000010011001011
In base 12, what is -6 + 1a42a?
1a424
In base 16, what is 2d - 54?
-27
In base 8, what is -5 + 562640?
562633
In base 14, what is 67 + 98c7?
9950
In base 2, what is 10 - -111000000001000?
111000000001010
In base 5, what is -104 + -3000034?
-3000143
In base 11, what is 107a2 - 5?
10798
In base 13, what is -7738 + -b?
-7746
In base 6, what is -43002001 - 1?
-43002002
In base 12, what is 16267 - 4?
16263
In base 16, what is e1 + 73e?
81f
In base 7, what is 10 + 56241?
56251
In base 8, what is -1144 + -161?
-1325
In base 16, what is -a4d9 - 4?
-a4dd
In base 13, what is 2997b - 5?
29976
In base 13, what is -3 + 35a5?
35a2
In base 4, what is -2332 - 23002?
-32000
In base 4, what is 311002 + -1001?
310001
In base 6, what is 32215 - -14?
32233
In base 15, what is -687ce2 + -1?
-687ce3
In base 11, what is -2904 - 3a9?
-3202
In base 16, what is 45a1 + a?
45ab
In base 2, what is -101100 + -1000001110011?
-1000010011111
In base 11, what is -333822 - 4?
-333826
In base 9, what is -244 + 544?
300
In base 16, what is -45 - -d218?
d1d3
In base 11, what is 23200 + 2?
23202
In base 8, what is -144701 + 5?
-144674
In base 16, what is 5 - -1b2dc?
1b2e1
In base 2, what is 11110101110 + -11001?
11110010101
In base 8, what is 623075 + 5?
623102
In base 7, what is -224 + 3652?
3425
In base 10, what is 0 + -352660?
-352660
In base 11, what is 6 + 9322?
9328
In base 6, what is 121 + -33130?
-33005
In base 9, what is 243 - 66?
166
In base 8, what is -214 - 22426?
-22642
In base 9, what is 6078 + 17?
6106
In base 7, what is 533 + 13?
546
In base 7, what is 151 + -11033?
-10552
In base 4, what is 10 + 1232213?
1232223
In base 7, what is -1454 - -2510?
1023
In base 2, what is 10100100010 + 100?
10100100110
In base 3, what is 21 - -10011021012?
10011021110
In base 5, what is 120444114 - -3?
120444122
In base 16, what is 200 + -d0f?
-b0f
In base 5, what is 3031 + 314?
3400
In